{"id":22,"date":"2018-12-17T19:04:51","date_gmt":"2018-12-17T18:04:51","guid":{"rendered":"http:\/\/sundefusser.nu\/?page_id=22"},"modified":"2020-10-27T19:11:42","modified_gmt":"2020-10-27T18:11:42","slug":"om-mig","status":"publish","type":"page","link":"https:\/\/sundefusser.nu\/?page_id=22","title":{"rendered":"Om mig"},"content":{"rendered":"\n<figure class=\"wp-block-image is-resized\"><img loading=\"lazy\" src=\"http:\/\/sundefusser.nu\/wp-content\/uploads\/2019\/04\/logo-farver-1024x505.png\" alt=\"\" class=\"wp-image-167\" width=\"233\" height=\"115\" srcset=\"https:\/\/sundefusser.nu\/wp-content\/uploads\/2019\/04\/logo-farver-1024x505.png 1024w, https:\/\/sundefusser.nu\/wp-content\/uploads\/2019\/04\/logo-farver-300x148.png 300w, https:\/\/sundefusser.nu\/wp-content\/uploads\/2019\/04\/logo-farver-768x379.png 768w\" sizes=\"(max-width: 233px) 100vw, 233px\" \/><\/figure>\n\n\n\n<p><strong>Velkommen til klinikken<\/strong><br><\/p>\n\n\n\n<p>SundeFusser er opstartet i 2019. Jeg er uddannet statsautoriseret fodterapeut. <br> Dette betyder at jeg<br> &#8211; er medlem af danske fodterapeuter<br> &#8211; har en statsautoriseret og godkendt uddannelse.<br> &#8211; er underlagt styrelsen for patientsikkerhed.<br> &#8211; er uddannet til at yde professionel fodterapi.<br> &#8211; kan vejlede i korrekte sko og gavnlige fod\u00f8velser.<br> &#8211; kan lave neurologiske og fysiologiske unders\u00f8gelser af foden.<br> &#8211; er uddannet i fodkomplikationer relateret til gigt og diabetes.<br> &#8211; behandler nedgroede negle med b\u00f8jlebehandling.<br><br><\/p>\n\n\n\n<h2>DIN GARANTI FOR EN PROFESSIONEL BEHANDLING<\/h2>\n\n\n\n<p>Jeg behandler hjemme hos dig, p\u00e5 plejehjem og i min klinik p\u00e5 B\u00f8ge All\u00e9 6A &#8211; 8600 Silkeborg.<br>Der er fri parkering.\u00a0<\/p>\n\n\n\n<figure class=\"wp-block-gallery aligncenter columns-1 is-cropped\"><ul class=\"blocks-gallery-grid\"><li class=\"blocks-gallery-item\"><figure><img loading=\"lazy\" width=\"240\" height=\"320\" src=\"http:\/\/sundefusser.nu\/wp-content\/uploads\/2019\/04\/IMG_0235-e1556405377776.jpg\" alt=\"\" data-id=\"231\" data-link=\"http:\/\/sundefusser.nu\/?attachment_id=231\" class=\"wp-image-231\" srcset=\"https:\/\/sundefusser.nu\/wp-content\/uploads\/2019\/04\/IMG_0235-e1556405377776.jpg 240w, https:\/\/sundefusser.nu\/wp-content\/uploads\/2019\/04\/IMG_0235-e1556405377776-225x300.jpg 225w\" sizes=\"(max-width: 240px) 100vw, 240px\" \/><\/figure><\/li><\/ul><\/figure>\n","protected":false},"excerpt":{"rendered":"<p>Velkommen til klinikken SundeFusser er opstartet i 2019. Jeg er uddannet statsautoriseret fodterapeut. Dette betyder at jeg &#8211; er medlem &hellip; <\/p>\n<p><a href=\"https:\/\/sundefusser.nu\/?page_id=22\" class=\"more-link\">Read More<\/a><\/p>\n","protected":false},"author":1,"featured_media":0,"parent":0,"menu_order":0,"comment_status":"closed","ping_status":"closed","template":"","meta":[],"_links":{"self":[{"href":"https:\/\/sundefusser.nu\/index.php?rest_route=\/wp\/v2\/pages\/22"}],"collection":[{"href":"https:\/\/sundefusser.nu\/index.php?rest_route=\/wp\/v2\/pages"}],"about":[{"href":"https:\/\/sundefusser.nu\/index.php?rest_route=\/wp\/v2\/types\/page"}],"author":[{"embeddable":true,"href":"https:\/\/sundefusser.nu\/index.php?rest_route=\/wp\/v2\/users\/1"}],"replies":[{"embeddable":true,"href":"https:\/\/sundefusser.nu\/index.php?rest_route=%2Fwp%2Fv2%2Fcomments&post=22"}],"version-history":[{"count":15,"href":"https:\/\/sundefusser.nu\/index.php?rest_route=\/wp\/v2\/pages\/22\/revisions"}],"predecessor-version":[{"id":347,"href":"https:\/\/sundefusser.nu\/index.php?rest_route=\/wp\/v2\/pages\/22\/revisions\/347"}],"wp:attachment":[{"href":"https:\/\/sundefusser.nu\/index.php?rest_route=%2Fwp%2Fv2%2Fmedia&parent=22"}],"curies":[{"name":"wp","href":"https:\/\/api.w.org\/{rel}","templated":true}]}}